of 77 and i.
7
Let t(g) = 0*g**2 + g**3 - 2*g**3 + 7 - 7*g - 8*g**2. Let y be t(-7). Suppose y*u = 4*u + 27. What is the highest common divisor of 72 and u?
9
Suppose 0 = -5*v - 4*y + 88, 3*v - v - 52 = 4*y. What is the highest common factor of 160 and v?
20
Suppose h - 5*h = 0. Suppose -2*t = 4*g - 24, h = 4*t - 2*t + 3*g - 19. Calculate the greatest common divisor of 3 and t.
1
Let t be ((-27)/15 - -1)*-15. Let c = t - 10. Suppose 0 = -2*r + j + 2, 0 = j - 5 + 3. Calculate the highest common divisor of c and r.
2
Let k be (4/(-10))/((-16)/7920). What is the greatest common factor of k and 18?
18
Let f(d) = -17*d. Let a be f(-4). Calculate the highest common factor of 17 and a.
17
Suppose -5*a + 3*p + 458 = 0, 2*a - p = 7*a - 454. Let f = 6 - 4. Suppose i + l = -2*i + 38, f*l + 2 = 0. What is the greatest common factor of a and i?
13
Let g = 13 + -6. Suppose -2*x + h = 9, 2 = -5*x - 3*h + g. Let s be 1/(22/10 + x). What is the highest common divisor of s and 25?
5
Suppose 0*q - 30 = -5*q. Let a = 9 + -3. What is the highest common divisor of q and a?
6
Let d = 4 - 0. Suppose -3*u + u + 6 = 0, d*u + 12 = 4*f. Let k be ((-15)/f)/(-5)*24. What is the highest common divisor of k and 30?
6
Let d(m) = -m**3 + 10*m**2 - 5*m - 12. Let o be d(9). Calculate the greatest common divisor of o and 24.
24
Suppose 4*n = 3*n + 9. Let g be 42 + (-6 - -3)/(-1). Calculate the greatest common divisor of n and g.
9
Suppose -5*y = 117 - 722. What is the greatest common divisor of 11 and y?
11
Suppose 0 = -4*w - 2*k + 7*k - 9, w + 21 = 5*k. Suppose w*f - 24 = -c, -5*c + 5*f = -162 - 58. Calculate the highest common divisor of 8 and c.
8
Let o(l) = 3*l - 6. Suppose p - 2 = -0*p. Suppose 3*y = -f - p*f + 3, 5*f + 3*y = 11. Let q be o(f). What is the greatest common factor of 30 and q?
6
Suppose 3*l + m - 63 + 17 = 0, 3*m = -4*l + 68. What is the highest common factor of 56 and l?
14
Let u = -36 + 48. What is the greatest common divisor of u and 20?
4
Suppose 288 = n + 5*n. What is the highest common factor of n and 12?
12
Suppose 2*q - 2*i - 88 = 0, 4*q - q + 5*i - 132 = 0. Calculate the highest common divisor of 11 and q.
11
Let t be (-36)/(-27)*(-63)/(-2). Let s = t - 6. Suppose 3*q - 81 = -3*w + 72, 0 = q - 3*w - 63. Calculate the greatest common divisor of q and s.
18
Suppose 2*m - 6*m = -88. What is the highest common divisor of 33 and m?
11
Let f be (-6)/(-27) - (-29)/(-9). Let o be 18 + (-4)/(4/f). What is the greatest common divisor of 14 and o?
7
Suppose -2*a + 6*a = 8. Suppose v - a = -0*v. What is the highest common divisor of 6 and v?
2
Let y(i) = -i**2 - 5*i - 2. Let h be y(-4). Let d = 19 + -11. Calculate the highest common divisor of h and d.
2
Let k(t) = -t**3 - 7*t**2 - 9*t - 14. Let s be k(-6). Let q(f) = 19*f - 1. Let b be q(s). Calculate the highest common divisor of 15 and b.
15
Suppose -k - 3*u + 19 + 8 = 0, 5*u = 5. Calculate the highest common factor of k and 16.
8
Let p = 6 + -7. Let d be -3 - (-2 - p) - -127. Let u = d + -35. Calculate the highest common divisor of 18 and u.
18
Let w = 42 + -41. Calculate the greatest common divisor of w and 5.
1
Let p be 88/2*2/4. Calculate the greatest common factor of p and 55.
11
Let g = -217 + 391. What is the greatest common divisor of 116 and g?
58
Suppose -7*j - 32 = -9*j. Calculate the greatest common factor of 64 and j.
16
Suppose -5*w - 4*y + 17 + 32 = 0, y = -5*w + 46. Calculate the greatest common divisor of w and 3.
3
Suppose -5*m + 355 = -5*w, 0*m + 2*w - 158 = -2*m. Calculate the greatest common factor of m and 15.
15
Let v be 249/15 + (-9)/15. Suppose 6 - 70 = -r. Calculate the highest common divisor of r and v.
16
Let p(t) = 7*t. Let o be p(6). What is the greatest common divisor of 28 and o?
14
Suppose 0 = -l - l - 8. Let g be -1 - (-2)/2 - -114. Let v = l + g. Calculate the highest common factor of v and 10.
10
Suppose 493 = j + 60. Let d = -307 + j. Calculate the greatest common divisor of d and 21.
21
Let l = 227 + -65. Let i = l + -97. Calculate the greatest common factor of i and 26.
13
Let z(v) = 8*v**2 + v. Let y be z(-2). Let w = -17 + 32. Let b = w - 3. What is the highest common factor of b and y?
6
Let l(v) = v**2 - 6*v - 5. Let s be l(9). Suppose 24 = 5*a - 31. What is the greatest common factor of a and s?
11
Let g(f) = f**2 - f - 5. Let i be g(0). Let l be 2/i - 252/(-30). Let k = -4 - -68. What is the highest common divisor of k and l?
8
Suppose -20 - 5 = 5*d, -2*d + 90 = 5*g. Let s = 446 - 306. What is the greatest common divisor of g and s?
20
Let x = -12 + -2. Let m be (-7 + -1)/(4/x). What is the greatest common divisor of 70 and m?
14
Let t(g) = 5 + 2 + 9*g - 5 + 2. Let c be t(4). What is the greatest common factor of c and 5?
5
Let g(r) be the first derivative of -11*r**2 - 3*r + 1. Let k be g(-3). Suppose 0 = 2*j + 7 - 21. Calculate the greatest common factor of j and k.
7
Suppose -3 = -5*g + 3*c + 87, -36 = -2*g + 4*c. Calculate the highest common divisor of 198 and g.
18
Let s(f) = 6*f**2. Let n be s(1). Let j = 202 + -136. Calculate the highest common divisor of j and n.
6
Suppose 0*n - n = 6. Suppose -4*i + 16 = 2*s, 2*s - 4*i = 17 + 7. Let b be 2610/25 - n/s. What is the highest common divisor of b and 15?
15
Suppose -2*a = 2*a + 36. Let t be -3*(12/a)/4. Calculate the greatest common factor of t and 9.
1
Let w = 2 + -8. Let t(d) = d**2 + 7*d + 9. Let s be t(w). Suppose -4*o - 5*l = -616, 7*o - 2*l - 616 = s*o. Calculate the highest common divisor of o and 14.
14
Suppose 34 - 7 = 3*m. Let z(q) = -q**3 - 8*q**2 + 4*q + 5. Let b be z(-8). Let j be (-2)/9 - 492/b. Calculate the greatest common divisor of m and j.
9
Let b = 13 - -13. Suppose 2*y - 4*y - b = 0. Let p = y + 85. What is the highest common divisor of p and 9?
9
Let x be 2/(-5 + 3) + (-110)/(-2). What is the greatest common divisor of 6 and x?
6
Let g be 15/2 + (-4)/8. Suppose -c - g = -21. Calculate the greatest common factor of 14 and c.
14
Let p = 9 - 5. What is the greatest common divisor of p and 4?
4
Let q(z) = z**2 - 9*z + 12. Let k be q(8). Suppose 0*s - 120 = -l + 4*s, 0 = 5*l + k*s - 504. What is the highest common divisor of l and 13?
13
Let s be 2/(-17) - 771/(-51). What is the greatest common factor of 105 and s?
15
Let o(p) = -p**3 + 14*p**2 - 13*p + 5. Let n be o(13). What is the greatest common divisor of n and 80?
5
Let b = 9 + 199. What is the highest common factor of b and 26?
26
Let r be 6/27 - 148/18. Let p be r/((-3)/(-4) - 1). Suppose 49 = 4*z + 17. What is the greatest common divisor of z and p?
8
Suppose -1115 = -5*v - 5*x, v - 235 = -3*x - 2*x. Calculate the greatest common divisor of v and 20.
20
Suppose -2*w + 2*t = -3*w - 9, 3*w = -3*t - 15. Let z be (w - 0)*-35 - 0. What is the highest common factor of z and 5?
5
Suppose -2*h - 4*t = -936, 0*h + h = 4*t + 486. Let g be -3*(338/3)/1. Let s = h + g. Calculate the highest common factor of s and 17.
17
Let x(q) = 3*q**2 + 9*q + 4. Let u be x(-7). Calculate the highest common divisor of 11 and u.
11
Suppose -3*p + 0*u = -4*u + 22, 0 = -p - u + 2. Let w be ((-9)/p)/(1/10). Calculate the greatest common divisor of w and 30.
15
Suppose -v - 123 + 14 = 0. Let a = v + 160. Calculate the greatest common factor of a and 34.
17
Let f = -4 + 18. Let x be -1 - (-5)/((-10)/64). Let g = x + 54. What is the greatest common divisor of f and g?
7
Let b = -8 - -11. Suppose -3*i - 22 = -b*z + z, z = 3*i + 14. What is the highest common factor of z and 8?
8
Let l = -93 - -101. What is the greatest common factor of 104 and l?
8
Let s = 29 - 15. Suppose 4*w + 46 = i, 42 + 45 = 2*i - 3*w. What is the highest common factor of s and i?
14
Let k(j) = -3 - 1 + 0 + 4*j - 9*j. Suppose 2*v = 5*r + 9, -v - 1 = 2. Let t be k(r). What is the highest common factor of t and 88?
11
Suppose 2*d - 85 = -59. What is the greatest common divisor of 52 and d?
13
Let o be 90/6*(-1)/(-3). What is the greatest common divisor of o and 5?
5
Let l(j) = -3*j - 10. Let m be l(-6). What is the highest common divisor of m and 8?
8
Let y = 2 + -10. Let k be y/(-6) + 161/21. Calculate the greatest common factor of 63 and k.
9
Let z be 1 + 410/4 + 1/2. What is the highest common factor of 52 and z?
52
Let r(m) = 3*m - 5. Let j be r(11). What is the greatest common divisor of 42 